{"id":46137,"date":"2025-04-24T21:25:19","date_gmt":"2025-04-24T21:25:19","guid":{"rendered":"https:\/\/berlindesignweek.com\/speaker\/marc-b-waelti\/"},"modified":"2025-05-07T22:02:00","modified_gmt":"2025-05-07T22:02:00","slug":"marc-b-waelti","status":"publish","type":"speaker","link":"https:\/\/berlindesignweek.com\/en\/?speaker=marc-b-waelti","title":{"rendered":"Marc B. W\u00e4lti"},"content":{"rendered":"<p>Marc B. W\u00e4lti leitet das Global Training Team bei Bang &amp; Olufsen und ist seit vielen Jahren f\u00fcr das d\u00e4nische Unternehmen t\u00e4tig. In seiner Rolle hat er sich auf Verkaufstraining und die Weiterentwicklung von Mitarbeitern in B&amp;O Stores weltweit spezialisiert. Heute lebt er in der Schweiz, war jedoch zuvor viele Jahre im Hauptsitz von Bang &amp; Olufsen in Struer sowie in Australien und Deutschland aktiv.  <\/p>\n","protected":false},"excerpt":{"rendered":"<p>Global Head of Training &#8211; Bang &amp; Olufsen<\/p>\n","protected":false},"featured_media":45301,"menu_order":0,"template":"","format":"standard","meta":{"footnotes":""},"tags":[765],"wp_pattern_category":[],"bdw_tag_sp":[],"format_sp":[],"jahr_sp":[],"land":[],"sprache":[],"talkorte":[853],"class_list":["post-46137","speaker","type-speaker","status-publish","format-standard","has-post-thumbnail","hentry","tag-2025-en","talkorte-satellit"],"_links":{"self":[{"href":"https:\/\/berlindesignweek.com\/en\/wp-json\/wp\/v2\/speaker\/46137","targetHints":{"allow":["GET"]}}],"collection":[{"href":"https:\/\/berlindesignweek.com\/en\/wp-json\/wp\/v2\/speaker"}],"about":[{"href":"https:\/\/berlindesignweek.com\/en\/wp-json\/wp\/v2\/types\/speaker"}],"version-history":[{"count":0,"href":"https:\/\/berlindesignweek.com\/en\/wp-json\/wp\/v2\/speaker\/46137\/revisions"}],"wp:featuredmedia":[{"embeddable":true,"href":"https:\/\/berlindesignweek.com\/en\/wp-json\/wp\/v2\/media\/45301"}],"wp:attachment":[{"href":"https:\/\/berlindesignweek.com\/en\/wp-json\/wp\/v2\/media?parent=46137"}],"wp:term":[{"taxonomy":"post_tag","embeddable":true,"href":"https:\/\/berlindesignweek.com\/en\/wp-json\/wp\/v2\/tags?post=46137"},{"taxonomy":"wp_pattern_category","embeddable":true,"href":"https:\/\/berlindesignweek.com\/en\/wp-json\/wp\/v2\/wp_pattern_category?post=46137"},{"taxonomy":"bdw_tag_sp","embeddable":true,"href":"https:\/\/berlindesignweek.com\/en\/wp-json\/wp\/v2\/bdw_tag_sp?post=46137"},{"taxonomy":"format_sp","embeddable":true,"href":"https:\/\/berlindesignweek.com\/en\/wp-json\/wp\/v2\/format_sp?post=46137"},{"taxonomy":"jahr_sp","embeddable":true,"href":"https:\/\/berlindesignweek.com\/en\/wp-json\/wp\/v2\/jahr_sp?post=46137"},{"taxonomy":"land","embeddable":true,"href":"https:\/\/berlindesignweek.com\/en\/wp-json\/wp\/v2\/land?post=46137"},{"taxonomy":"sprache","embeddable":true,"href":"https:\/\/berlindesignweek.com\/en\/wp-json\/wp\/v2\/sprache?post=46137"},{"taxonomy":"talkorte","embeddable":true,"href":"https:\/\/berlindesignweek.com\/en\/wp-json\/wp\/v2\/talkorte?post=46137"}],"curies":[{"name":"wp","href":"https:\/\/api.w.org\/{rel}","templated":true}]}}

Marc B. Wälti

<p>Marc B. Wälti leitet das Global Training Team bei Bang &amp; Olufsen und ist seit vielen Jahren für das dänische Unternehmen tätig. In seiner Rolle hat er sich auf Verkaufstraining und die Weiterentwicklung von Mitarbeitern in B&amp;O Stores weltweit spezialisiert. Heute lebt er in der Schweiz, war jedoch zuvor viele Jahre im Hauptsitz von Bang &amp; Olufsen in Struer sowie in Australien und Deutschland aktiv.  </p>
