{"id":46215,"date":"2025-04-25T13:58:35","date_gmt":"2025-04-25T13:58:35","guid":{"rendered":"https:\/\/berlindesignweek.com\/speaker\/annabelle-von-reutern\/"},"modified":"2025-05-07T22:01:52","modified_gmt":"2025-05-07T22:01:52","slug":"annabelle-von-reutern","status":"publish","type":"speaker","link":"https:\/\/berlindesignweek.com\/en\/?speaker=annabelle-von-reutern","title":{"rendered":"Annabelle von Reutern"},"content":{"rendered":"<p>Annabelle von Reutern ist Architektin, Speakerin und Expertin f\u00fcr Zirkul\u00e4res Bauen. Von Reutern ist Mitglied bei Architects for Future, Beir\u00e4tin im Verband f\u00fcr Bauen im Bestand sowie au\u00dferordentliches Mitglied des Bundes Deutscher Architektinnen und Architekten (BDA). 2024 hat sie mit zwei Kolleginnen die sozialvertr\u00e4gliche Architekturunternehmung TOMAS \u2013 Transformation of Material and Space gegr\u00fcndet.  <\/p>\n","protected":false},"excerpt":{"rendered":"<p>Gr\u00fcnderin, Transformation of Material and Space (TOMAS)<\/p>\n","protected":false},"featured_media":46030,"menu_order":0,"template":"","format":"standard","meta":{"footnotes":""},"tags":[765],"wp_pattern_category":[],"bdw_tag_sp":[],"format_sp":[],"jahr_sp":[],"land":[],"sprache":[],"talkorte":[850],"class_list":["post-46215","speaker","type-speaker","status-publish","format-standard","has-post-thumbnail","hentry","tag-2025-en","talkorte-tbf-day1"],"_links":{"self":[{"href":"https:\/\/berlindesignweek.com\/en\/wp-json\/wp\/v2\/speaker\/46215","targetHints":{"allow":["GET"]}}],"collection":[{"href":"https:\/\/berlindesignweek.com\/en\/wp-json\/wp\/v2\/speaker"}],"about":[{"href":"https:\/\/berlindesignweek.com\/en\/wp-json\/wp\/v2\/types\/speaker"}],"version-history":[{"count":0,"href":"https:\/\/berlindesignweek.com\/en\/wp-json\/wp\/v2\/speaker\/46215\/revisions"}],"wp:featuredmedia":[{"embeddable":true,"href":"https:\/\/berlindesignweek.com\/en\/wp-json\/wp\/v2\/media\/46030"}],"wp:attachment":[{"href":"https:\/\/berlindesignweek.com\/en\/wp-json\/wp\/v2\/media?parent=46215"}],"wp:term":[{"taxonomy":"post_tag","embeddable":true,"href":"https:\/\/berlindesignweek.com\/en\/wp-json\/wp\/v2\/tags?post=46215"},{"taxonomy":"wp_pattern_category","embeddable":true,"href":"https:\/\/berlindesignweek.com\/en\/wp-json\/wp\/v2\/wp_pattern_category?post=46215"},{"taxonomy":"bdw_tag_sp","embeddable":true,"href":"https:\/\/berlindesignweek.com\/en\/wp-json\/wp\/v2\/bdw_tag_sp?post=46215"},{"taxonomy":"format_sp","embeddable":true,"href":"https:\/\/berlindesignweek.com\/en\/wp-json\/wp\/v2\/format_sp?post=46215"},{"taxonomy":"jahr_sp","embeddable":true,"href":"https:\/\/berlindesignweek.com\/en\/wp-json\/wp\/v2\/jahr_sp?post=46215"},{"taxonomy":"land","embeddable":true,"href":"https:\/\/berlindesignweek.com\/en\/wp-json\/wp\/v2\/land?post=46215"},{"taxonomy":"sprache","embeddable":true,"href":"https:\/\/berlindesignweek.com\/en\/wp-json\/wp\/v2\/sprache?post=46215"},{"taxonomy":"talkorte","embeddable":true,"href":"https:\/\/berlindesignweek.com\/en\/wp-json\/wp\/v2\/talkorte?post=46215"}],"curies":[{"name":"wp","href":"https:\/\/api.w.org\/{rel}","templated":true}]}}

<p>Annabelle von Reutern ist Architektin, Speakerin und Expertin für Zirkuläres Bauen. Von Reutern ist Mitglied bei Architects for Future, Beirätin im Verband für Bauen im Bestand sowie außerordentliches Mitglied des Bundes Deutscher Architektinnen und Architekten (BDA). 2024 hat sie mit zwei Kolleginnen die sozialverträgliche Architekturunternehmung TOMAS – Transformation of Material and Space gegründet.  </p>

<p>Gründerin, Transformation of Material and Space (TOMAS)</p>
