{"id":46229,"date":"2025-04-25T14:01:03","date_gmt":"2025-04-25T14:01:03","guid":{"rendered":"https:\/\/berlindesignweek.com\/speaker\/anna-evelyn-valdez-melendez\/"},"modified":"2025-05-07T22:02:51","modified_gmt":"2025-05-07T22:02:51","slug":"anna-evelyn-valdez-melendez","status":"publish","type":"speaker","link":"https:\/\/berlindesignweek.com\/en\/?speaker=anna-evelyn-valdez-melendez","title":{"rendered":"Anna Evelyn Vald\u00e9z Mel\u00e9ndez"},"content":{"rendered":"<p>Anna Evelyn Vald\u00e9z Mel\u00e9ndez, Head of Promotion and Advertising at INGUAT, has over 30 years of experience in social and institutional communication across public, private, and international cooperation sectors. In this panel, she will share her perspective on how Guatemala weaves together talent, materials, and ancestral knowledge to design its future with its hands. <\/p>\n","protected":false},"excerpt":{"rendered":"<p>Head of Promotion and Advertising at INGUAT<\/p>\n","protected":false},"featured_media":45421,"menu_order":0,"template":"","format":"standard","meta":{"footnotes":""},"tags":[765],"wp_pattern_category":[],"bdw_tag_sp":[],"format_sp":[],"jahr_sp":[],"land":[],"sprache":[],"talkorte":[850],"class_list":["post-46229","speaker","type-speaker","status-publish","format-standard","has-post-thumbnail","hentry","tag-2025-en","talkorte-tbf-day1"],"_links":{"self":[{"href":"https:\/\/berlindesignweek.com\/en\/wp-json\/wp\/v2\/speaker\/46229","targetHints":{"allow":["GET"]}}],"collection":[{"href":"https:\/\/berlindesignweek.com\/en\/wp-json\/wp\/v2\/speaker"}],"about":[{"href":"https:\/\/berlindesignweek.com\/en\/wp-json\/wp\/v2\/types\/speaker"}],"version-history":[{"count":0,"href":"https:\/\/berlindesignweek.com\/en\/wp-json\/wp\/v2\/speaker\/46229\/revisions"}],"wp:featuredmedia":[{"embeddable":true,"href":"https:\/\/berlindesignweek.com\/en\/wp-json\/wp\/v2\/media\/45421"}],"wp:attachment":[{"href":"https:\/\/berlindesignweek.com\/en\/wp-json\/wp\/v2\/media?parent=46229"}],"wp:term":[{"taxonomy":"post_tag","embeddable":true,"href":"https:\/\/berlindesignweek.com\/en\/wp-json\/wp\/v2\/tags?post=46229"},{"taxonomy":"wp_pattern_category","embeddable":true,"href":"https:\/\/berlindesignweek.com\/en\/wp-json\/wp\/v2\/wp_pattern_category?post=46229"},{"taxonomy":"bdw_tag_sp","embeddable":true,"href":"https:\/\/berlindesignweek.com\/en\/wp-json\/wp\/v2\/bdw_tag_sp?post=46229"},{"taxonomy":"format_sp","embeddable":true,"href":"https:\/\/berlindesignweek.com\/en\/wp-json\/wp\/v2\/format_sp?post=46229"},{"taxonomy":"jahr_sp","embeddable":true,"href":"https:\/\/berlindesignweek.com\/en\/wp-json\/wp\/v2\/jahr_sp?post=46229"},{"taxonomy":"land","embeddable":true,"href":"https:\/\/berlindesignweek.com\/en\/wp-json\/wp\/v2\/land?post=46229"},{"taxonomy":"sprache","embeddable":true,"href":"https:\/\/berlindesignweek.com\/en\/wp-json\/wp\/v2\/sprache?post=46229"},{"taxonomy":"talkorte","embeddable":true,"href":"https:\/\/berlindesignweek.com\/en\/wp-json\/wp\/v2\/talkorte?post=46229"}],"curies":[{"name":"wp","href":"https:\/\/api.w.org\/{rel}","templated":true}]}}

Anna Evelyn Valdéz Meléndez

<p>Anna Evelyn Valdéz Meléndez, Head of Promotion and Advertising at INGUAT, has over 30 years of experience in social and institutional communication across public, private, and international cooperation sectors. In this panel, she will share her perspective on how Guatemala weaves together talent, materials, and ancestral knowledge to design its future with its hands. </p>
