{"id":46232,"date":"2025-04-25T14:01:38","date_gmt":"2025-04-25T14:01:38","guid":{"rendered":"https:\/\/berlindesignweek.com\/speaker\/julia-pueltz\/"},"modified":"2025-05-07T22:04:04","modified_gmt":"2025-05-07T22:04:04","slug":"julia-pueltz","status":"publish","type":"speaker","link":"https:\/\/berlindesignweek.com\/en\/?speaker=julia-pueltz","title":{"rendered":"Julia P\u00fcltz"},"content":{"rendered":"<p>Bei Vestre, dem norwegischen Stadtm\u00f6belhersteller mit Fokus auf radikal nachhaltige Gestaltung, verantwortet Julia P\u00fcltz das Zentraleuropagesch\u00e4ft und verbindet unternehmerisches Denken mit gestalterischer Haltung. Nach Stationen in Medien, Industrie und Start-ups setzt sie sich heute f\u00fcr zirkul\u00e4re Prozesse, soziale Teilhabe und R\u00e4ume ein, die mehr sind als Kulisse: Orte der Begegnung, Wirkung und Verantwortung. <\/p>\n","protected":false},"excerpt":{"rendered":"<p>Managin Director Vestre GmbH<\/p>\n","protected":false},"featured_media":45540,"menu_order":0,"template":"","format":"standard","meta":{"footnotes":""},"tags":[765],"wp_pattern_category":[],"bdw_tag_sp":[],"format_sp":[],"jahr_sp":[],"land":[],"sprache":[],"talkorte":[850],"class_list":["post-46232","speaker","type-speaker","status-publish","format-standard","has-post-thumbnail","hentry","tag-2025-en","talkorte-tbf-day1"],"_links":{"self":[{"href":"https:\/\/berlindesignweek.com\/en\/wp-json\/wp\/v2\/speaker\/46232","targetHints":{"allow":["GET"]}}],"collection":[{"href":"https:\/\/berlindesignweek.com\/en\/wp-json\/wp\/v2\/speaker"}],"about":[{"href":"https:\/\/berlindesignweek.com\/en\/wp-json\/wp\/v2\/types\/speaker"}],"version-history":[{"count":0,"href":"https:\/\/berlindesignweek.com\/en\/wp-json\/wp\/v2\/speaker\/46232\/revisions"}],"wp:featuredmedia":[{"embeddable":true,"href":"https:\/\/berlindesignweek.com\/en\/wp-json\/wp\/v2\/media\/45540"}],"wp:attachment":[{"href":"https:\/\/berlindesignweek.com\/en\/wp-json\/wp\/v2\/media?parent=46232"}],"wp:term":[{"taxonomy":"post_tag","embeddable":true,"href":"https:\/\/berlindesignweek.com\/en\/wp-json\/wp\/v2\/tags?post=46232"},{"taxonomy":"wp_pattern_category","embeddable":true,"href":"https:\/\/berlindesignweek.com\/en\/wp-json\/wp\/v2\/wp_pattern_category?post=46232"},{"taxonomy":"bdw_tag_sp","embeddable":true,"href":"https:\/\/berlindesignweek.com\/en\/wp-json\/wp\/v2\/bdw_tag_sp?post=46232"},{"taxonomy":"format_sp","embeddable":true,"href":"https:\/\/berlindesignweek.com\/en\/wp-json\/wp\/v2\/format_sp?post=46232"},{"taxonomy":"jahr_sp","embeddable":true,"href":"https:\/\/berlindesignweek.com\/en\/wp-json\/wp\/v2\/jahr_sp?post=46232"},{"taxonomy":"land","embeddable":true,"href":"https:\/\/berlindesignweek.com\/en\/wp-json\/wp\/v2\/land?post=46232"},{"taxonomy":"sprache","embeddable":true,"href":"https:\/\/berlindesignweek.com\/en\/wp-json\/wp\/v2\/sprache?post=46232"},{"taxonomy":"talkorte","embeddable":true,"href":"https:\/\/berlindesignweek.com\/en\/wp-json\/wp\/v2\/talkorte?post=46232"}],"curies":[{"name":"wp","href":"https:\/\/api.w.org\/{rel}","templated":true}]}}

Julia Pültz

<p>Bei Vestre, dem norwegischen Stadtmöbelhersteller mit Fokus auf radikal nachhaltige Gestaltung, verantwortet Julia Pültz das Zentraleuropageschäft und verbindet unternehmerisches Denken mit gestalterischer Haltung. Nach Stationen in Medien, Industrie und Start-ups setzt sie sich heute für zirkuläre Prozesse, soziale Teilhabe und Räume ein, die mehr sind als Kulisse: Orte der Begegnung, Wirkung und Verantwortung. </p>
