{"id":46237,"date":"2025-04-25T14:03:25","date_gmt":"2025-04-25T14:03:25","guid":{"rendered":"https:\/\/berlindesignweek.com\/speaker\/david-wendt\/"},"modified":"2025-05-07T22:00:25","modified_gmt":"2025-05-07T22:00:25","slug":"david-wendt","status":"publish","type":"speaker","link":"https:\/\/berlindesignweek.com\/en\/?speaker=david-wendt","title":{"rendered":"David Wendt"},"content":{"rendered":"<p>David Wendt ist Mitbegr\u00fcnder und Kreativdirektor von OBJEKTE UNSERER TAGE, das in diesem Jahr sein 10-j\u00e4hriges Jubil\u00e4um feiert. Er besch\u00e4ftigt sich mit der Verbindung von Materialit\u00e4t, Funktionalit\u00e4t und Form und entwickelt M\u00f6bel, die langfristig Bestand haben. Alle St\u00fccke von OBJEKTE UNSERER TAGE werden in Handarbeit in Deutschland gefertigt, mit einem Fokus auf hochwertige Verarbeitung und zeitloses Design.  <\/p>\n","protected":false},"excerpt":{"rendered":"<p>Founder &amp; Managing Partner \/ OUT objekte unserer tage GmbH<\/p>\n","protected":false},"featured_media":44924,"menu_order":0,"template":"","format":"standard","meta":{"footnotes":""},"tags":[765],"wp_pattern_category":[],"bdw_tag_sp":[],"format_sp":[],"jahr_sp":[],"land":[],"sprache":[],"talkorte":[851],"class_list":["post-46237","speaker","type-speaker","status-publish","format-standard","has-post-thumbnail","hentry","tag-2025-en","talkorte-tbf-day2"],"_links":{"self":[{"href":"https:\/\/berlindesignweek.com\/en\/wp-json\/wp\/v2\/speaker\/46237","targetHints":{"allow":["GET"]}}],"collection":[{"href":"https:\/\/berlindesignweek.com\/en\/wp-json\/wp\/v2\/speaker"}],"about":[{"href":"https:\/\/berlindesignweek.com\/en\/wp-json\/wp\/v2\/types\/speaker"}],"version-history":[{"count":0,"href":"https:\/\/berlindesignweek.com\/en\/wp-json\/wp\/v2\/speaker\/46237\/revisions"}],"wp:featuredmedia":[{"embeddable":true,"href":"https:\/\/berlindesignweek.com\/en\/wp-json\/wp\/v2\/media\/44924"}],"wp:attachment":[{"href":"https:\/\/berlindesignweek.com\/en\/wp-json\/wp\/v2\/media?parent=46237"}],"wp:term":[{"taxonomy":"post_tag","embeddable":true,"href":"https:\/\/berlindesignweek.com\/en\/wp-json\/wp\/v2\/tags?post=46237"},{"taxonomy":"wp_pattern_category","embeddable":true,"href":"https:\/\/berlindesignweek.com\/en\/wp-json\/wp\/v2\/wp_pattern_category?post=46237"},{"taxonomy":"bdw_tag_sp","embeddable":true,"href":"https:\/\/berlindesignweek.com\/en\/wp-json\/wp\/v2\/bdw_tag_sp?post=46237"},{"taxonomy":"format_sp","embeddable":true,"href":"https:\/\/berlindesignweek.com\/en\/wp-json\/wp\/v2\/format_sp?post=46237"},{"taxonomy":"jahr_sp","embeddable":true,"href":"https:\/\/berlindesignweek.com\/en\/wp-json\/wp\/v2\/jahr_sp?post=46237"},{"taxonomy":"land","embeddable":true,"href":"https:\/\/berlindesignweek.com\/en\/wp-json\/wp\/v2\/land?post=46237"},{"taxonomy":"sprache","embeddable":true,"href":"https:\/\/berlindesignweek.com\/en\/wp-json\/wp\/v2\/sprache?post=46237"},{"taxonomy":"talkorte","embeddable":true,"href":"https:\/\/berlindesignweek.com\/en\/wp-json\/wp\/v2\/talkorte?post=46237"}],"curies":[{"name":"wp","href":"https:\/\/api.w.org\/{rel}","templated":true}]}}

<p>David Wendt ist Mitbegründer und Kreativdirektor von OBJEKTE UNSERER TAGE, das in diesem Jahr sein 10-jähriges Jubiläum feiert. Er beschäftigt sich mit der Verbindung von Materialität, Funktionalität und Form und entwickelt Möbel, die langfristig Bestand haben. Alle Stücke von OBJEKTE UNSERER TAGE werden in Handarbeit in Deutschland gefertigt, mit einem Fokus auf hochwertige Verarbeitung und zeitloses Design.  </p>
