{"id":47152,"date":"2025-05-07T21:56:23","date_gmt":"2025-05-07T21:56:23","guid":{"rendered":"https:\/\/berlindesignweek.com\/?speaker=julie-schloemer"},"modified":"2025-05-07T21:56:23","modified_gmt":"2025-05-07T21:56:23","slug":"julie-schloemer","status":"publish","type":"speaker","link":"https:\/\/berlindesignweek.com\/en\/?speaker=julie-schloemer","title":{"rendered":"Julie Schloemer"},"content":{"rendered":"<p>Die Zukunft der Kunst ist ein kulturelles Netzwerk<\/p>\n<p>Mit 19 Jahren gr\u00fcndete Julie Schloemer 2021 JMES WORLD \u2013 mit der Vision, Kunst f\u00fcr alle erlebbar zu machen.<br \/>\nF\u00fcr sie ist Kunst mehr als ein Objekt: Sie ist Erfahrung, Kreativit\u00e4t und Verbindung.<\/p>\n<p>Heute baut sie gemeinsam mit Pablo Correa Villalonga die weltweit gr\u00f6\u00dfte Co-Ownership-Plattform f\u00fcr Kunst.<br \/>\nIhr Ziel: Kunst aus Museen und Sammlungen ins Hier und Jetzt holen \u2013 zum Teilen, Erleben und Inspirieren.<\/p>\n<p>JMES WORLD \u2013 Die Zukunft der Kunst ist<\/p>\n","protected":false},"excerpt":{"rendered":"<p>JMES WORLD<\/p>\n","protected":false},"featured_media":46862,"menu_order":0,"template":"","format":"standard","meta":{"footnotes":""},"tags":[765],"wp_pattern_category":[],"bdw_tag_sp":[],"format_sp":[],"jahr_sp":[],"land":[],"sprache":[],"talkorte":[851],"class_list":["post-47152","speaker","type-speaker","status-publish","format-standard","has-post-thumbnail","hentry","tag-2025-en","talkorte-tbf-day2"],"_links":{"self":[{"href":"https:\/\/berlindesignweek.com\/en\/wp-json\/wp\/v2\/speaker\/47152","targetHints":{"allow":["GET"]}}],"collection":[{"href":"https:\/\/berlindesignweek.com\/en\/wp-json\/wp\/v2\/speaker"}],"about":[{"href":"https:\/\/berlindesignweek.com\/en\/wp-json\/wp\/v2\/types\/speaker"}],"version-history":[{"count":0,"href":"https:\/\/berlindesignweek.com\/en\/wp-json\/wp\/v2\/speaker\/47152\/revisions"}],"wp:featuredmedia":[{"embeddable":true,"href":"https:\/\/berlindesignweek.com\/en\/wp-json\/wp\/v2\/media\/46862"}],"wp:attachment":[{"href":"https:\/\/berlindesignweek.com\/en\/wp-json\/wp\/v2\/media?parent=47152"}],"wp:term":[{"taxonomy":"post_tag","embeddable":true,"href":"https:\/\/berlindesignweek.com\/en\/wp-json\/wp\/v2\/tags?post=47152"},{"taxonomy":"wp_pattern_category","embeddable":true,"href":"https:\/\/berlindesignweek.com\/en\/wp-json\/wp\/v2\/wp_pattern_category?post=47152"},{"taxonomy":"bdw_tag_sp","embeddable":true,"href":"https:\/\/berlindesignweek.com\/en\/wp-json\/wp\/v2\/bdw_tag_sp?post=47152"},{"taxonomy":"format_sp","embeddable":true,"href":"https:\/\/berlindesignweek.com\/en\/wp-json\/wp\/v2\/format_sp?post=47152"},{"taxonomy":"jahr_sp","embeddable":true,"href":"https:\/\/berlindesignweek.com\/en\/wp-json\/wp\/v2\/jahr_sp?post=47152"},{"taxonomy":"land","embeddable":true,"href":"https:\/\/berlindesignweek.com\/en\/wp-json\/wp\/v2\/land?post=47152"},{"taxonomy":"sprache","embeddable":true,"href":"https:\/\/berlindesignweek.com\/en\/wp-json\/wp\/v2\/sprache?post=47152"},{"taxonomy":"talkorte","embeddable":true,"href":"https:\/\/berlindesignweek.com\/en\/wp-json\/wp\/v2\/talkorte?post=47152"}],"curies":[{"name":"wp","href":"https:\/\/api.w.org\/{rel}","templated":true}]}}

<p>Die Zukunft der Kunst ist ein kulturelles Netzwerk</p>
<p>Mit 19 Jahren gründete Julie Schloemer 2021 JMES WORLD – mit der Vision, Kunst für alle erlebbar zu machen.<br />
Für sie ist Kunst mehr als ein Objekt: Sie ist Erfahrung, Kreativität und Verbindung.</p>
<p>Heute baut sie gemeinsam mit Pablo Correa Villalonga die weltweit größte Co-Ownership-Plattform für Kunst.<br />
Ihr Ziel: Kunst aus Museen und Sammlungen ins Hier und Jetzt holen – zum Teilen, Erleben und Inspirieren.</p>
<p>JMES WORLD – Die Zukunft der Kunst ist</p>
