{"id":47226,"date":"2025-05-10T19:15:20","date_gmt":"2025-05-10T19:15:20","guid":{"rendered":"https:\/\/berlindesignweek.com\/?speaker=sezgin-kivrim"},"modified":"2025-05-10T19:15:20","modified_gmt":"2025-05-10T19:15:20","slug":"sezgin-kivrim","status":"publish","type":"speaker","link":"https:\/\/berlindesignweek.com\/en\/?speaker=sezgin-kivrim","title":{"rendered":"Sezgin Kivrim"},"content":{"rendered":"<p>Sezgin Kivrim ist Modedesigner aus Berlin und Absolvent der Universit\u00e4t der K\u00fcnste Berlin. In seiner Arbeit verbindet er traditionelle kurdische Elemente und Handwerk mit zeitgen\u00f6ssischer \u00c4sthetik. Seine Kollektionen setzen sich mit Fragen von Identit\u00e4t, Zugeh\u00f6rigkeit und kulturellem Erbe in der Diaspora auseinander. Mode begreift er als Mittel, um Br\u00fccken zwischen Herkunft und neuer Heimat zu schlagen.   <\/p>\n","protected":false},"excerpt":{"rendered":"<p>Fashion Designer at Sezgin<\/p>\n","protected":false},"featured_media":47188,"menu_order":0,"template":"","format":"standard","meta":{"footnotes":""},"tags":[765],"wp_pattern_category":[],"bdw_tag_sp":[],"format_sp":[],"jahr_sp":[],"land":[],"sprache":[],"talkorte":[853],"class_list":["post-47226","speaker","type-speaker","status-publish","format-standard","has-post-thumbnail","hentry","tag-2025-en","talkorte-satellit"],"_links":{"self":[{"href":"https:\/\/berlindesignweek.com\/en\/wp-json\/wp\/v2\/speaker\/47226","targetHints":{"allow":["GET"]}}],"collection":[{"href":"https:\/\/berlindesignweek.com\/en\/wp-json\/wp\/v2\/speaker"}],"about":[{"href":"https:\/\/berlindesignweek.com\/en\/wp-json\/wp\/v2\/types\/speaker"}],"version-history":[{"count":0,"href":"https:\/\/berlindesignweek.com\/en\/wp-json\/wp\/v2\/speaker\/47226\/revisions"}],"wp:featuredmedia":[{"embeddable":true,"href":"https:\/\/berlindesignweek.com\/en\/wp-json\/wp\/v2\/media\/47188"}],"wp:attachment":[{"href":"https:\/\/berlindesignweek.com\/en\/wp-json\/wp\/v2\/media?parent=47226"}],"wp:term":[{"taxonomy":"post_tag","embeddable":true,"href":"https:\/\/berlindesignweek.com\/en\/wp-json\/wp\/v2\/tags?post=47226"},{"taxonomy":"wp_pattern_category","embeddable":true,"href":"https:\/\/berlindesignweek.com\/en\/wp-json\/wp\/v2\/wp_pattern_category?post=47226"},{"taxonomy":"bdw_tag_sp","embeddable":true,"href":"https:\/\/berlindesignweek.com\/en\/wp-json\/wp\/v2\/bdw_tag_sp?post=47226"},{"taxonomy":"format_sp","embeddable":true,"href":"https:\/\/berlindesignweek.com\/en\/wp-json\/wp\/v2\/format_sp?post=47226"},{"taxonomy":"jahr_sp","embeddable":true,"href":"https:\/\/berlindesignweek.com\/en\/wp-json\/wp\/v2\/jahr_sp?post=47226"},{"taxonomy":"land","embeddable":true,"href":"https:\/\/berlindesignweek.com\/en\/wp-json\/wp\/v2\/land?post=47226"},{"taxonomy":"sprache","embeddable":true,"href":"https:\/\/berlindesignweek.com\/en\/wp-json\/wp\/v2\/sprache?post=47226"},{"taxonomy":"talkorte","embeddable":true,"href":"https:\/\/berlindesignweek.com\/en\/wp-json\/wp\/v2\/talkorte?post=47226"}],"curies":[{"name":"wp","href":"https:\/\/api.w.org\/{rel}","templated":true}]}}

<p>Sezgin Kivrim ist Modedesigner aus Berlin und Absolvent der Universität der Künste Berlin. In seiner Arbeit verbindet er traditionelle kurdische Elemente und Handwerk mit zeitgenössischer Ästhetik. Seine Kollektionen setzen sich mit Fragen von Identität, Zugehörigkeit und kulturellem Erbe in der Diaspora auseinander. Mode begreift er als Mittel, um Brücken zwischen Herkunft und neuer Heimat zu schlagen.   </p>
